e r(p).
-12
Let l(r) be the first derivative of r**5/20 + r**4/6 - r**2/2 + 3*r + 2. Let q(i) be the first derivative of l(i). What is q(-2)?
-1
Let a(n) be the first derivative of n**4/4 + 2*n**3 + n**2/2 + n - 5. What is a(-6)?
-5
Let s(w) be the third derivative of -1/24*w**4 + 0 - 4/3*w**3 + 0*w + 2*w**2. Determine s(-4).
-4
Let m(g) = 1 + g + 6 - 7. Give m(6).
6
Let j(m) = 18*m + m**2 - 23*m + 2 - 4. Give j(4).
-6
Let l = 4 - -1. Let w(p) = -p**3 + 5*p**2 + 7. Calculate w(l).
7
Let i be -1*(-2 - 6/2). Suppose -4*y + 4*g = 56, y + i + 29 = 5*g. Let f be 24/y - (-4)/(-12). Let x(j) = -2*j + 2. What is x(f)?
8
Let i(k) = -7*k - 6. Let y(z) = 8*z + 6. Let r(w) = 4*i(w) + 3*y(w). Let n be (-102)/9 + 2/(-3). Let h be (8/(-6))/((-4)/n). Calculate r(h).
10
Let j(y) = -y + 2. Let w(r) = -2*r - 1. Let k be w(-1). Let v be j(k). Let z(n) = -2*n + 1. What is z(v)?
-1
Suppose -u - 4*r = 1, u - 2*r = r + 6. Suppose 7*k + y = 4*k - 1, 2*y + 2 = -3*k. Let t(m) = 0 - m**u + m + k. What is t(0)?
0
Let u(w) = 53 + 2*w - 52 + 16*w. Determine u(-1).
-17
Let w(v) = v - 1. Let h(r) = r - 4. Let q be h(4). Suppose -z + 4*p - p + 8 = 0, 4*z + 2*p - 18 = q. Suppose 0*d = -5*j - d + 13, -j - z = 4*d. What is w(j)?
2
Let h(i) = -i + 12. Let g(d) = -d**3 - d**2 - 2*d - 2. Let u be g(-2). Determine h(u).
6
Let j(u) = -u**3 - u**2 - 2*u - 1. Let s(x) = x**3. Let l(f) = j(f) - 3*s(f). Suppose -3*r + 4 = -2*z, -2*r = -4*r + 8. Let a = 3 - z. What is l(a)?
4
Suppose -v - 25 = -19. Let q(m) = -m**2 - 3*m + 5. Give q(v).
-13
Let p(l) = l**2 - 5*l. Suppose -2*h + 36 - 12 = 0. Let i be (h/(-8))/((-1)/2). Determine p(i).
-6
Let b be (-3)/(-3)*12/(1 - 5). Let r(w) = w**3 + 3*w**2 - 4. Determine r(b).
-4
Let h = 6 + -4. Suppose h*m - 18 - 16 = 0. Suppose -m = 4*p - 11*l + 6*l, 4*p + l = 13. Let s(z) = -3*z. Determine s(p).
-6
Let y be (1/(-2))/1*-2. Let d(n) = 13*n. Calculate d(y).
13
Let b(f) = -f**3 - 4*f**2 - f - 2. Let y = 105 - 108. Determine b(y).
-8
Let q(g) = 5*g - 2. Let j(l) = -2*l + 1. Let k(r) = 8*j(r) + 3*q(r). Let b(y) = 0*y**2 + 3*y**2 - 6*y - 2*y**2. Let m be b(6). Give k(m).
2
Let a(p) = -2 - 12*p + 28*p - 22*p. Suppose 3*d = -15 - 6. Let i(g) = -13*g - 4. Let q(y) = d*a(y) + 3*i(y). What is q(-3)?
-7
Let b(i) = 4*i**3 - 8*i**2 + 8*i + 5. Let a(p) = p**3 - p**2 + p + 1. Let q(z) = 3*a(z) - b(z). Determine q(4).
-6
Let v(i) = -5*i + 2 + i**2 + 0*i**2 + 0*i**2. Let r(c) = -2*c + 41. Let p be r(18). Determine v(p).
2
Let y be ((-15)/(-6))/((-3)/2 - -2). Let s(d) = -d**3 + 4*d**2 + 8*d - 4. Determine s(y).
11
Let o(f) = f**2 - 7*f + 13. Let d be o(6). Let l(s) = s + 1. Give l(d).
8
Suppose 0 = 4*j - 2*j + 2*f + 4, -3*f = 5*j. Let x(k) = k - j*k + 5*k. Let o be x(-1). Let s(c) = c**2 + 2*c + 1. Determine s(o).
4
Let q(d) = 8 - 20 - d + 10 + 5. Give q(5).
-2
Let f(y) = -4*y - 5. Let u(x) = 3*x + 4. Let o(d) = 4*f(d) + 5*u(d). Give o(-2).
2
Let p be (-14)/(-6) + (-3)/9. Suppose 6 = -p*d - 0*d. Let l(b) = -b**2 - 7*b - 3. Determine l(d).
9
Let m(c) = -c**2 - 4*c. Let k = 1 - 3. Let l be m(k). Let t(u) = -1 - 6*u**3 + u**2 + 4*u**2 - l*u**2. Determine t(-1).
6
Let h(o) be the second derivative of o**3/6 - o**2/2 + 3*o. Suppose 0*n - 2*n = 2. Let q(t) = -t - 2. Let r be q(n). Give h(r).
-2
Let d(h) be the second derivative of -1/2*h**2 - 2/3*h**3 + 0 + 3*h. Let y(w) = 3*w + 1. Let a(r) = -2*d(r) - 3*y(r). What is a(5)?
-6
Let q(p) = p**2 - 5*p + 1. Let h(b) = -b**2 + 6*b - 5. Let z be h(4). Let a = z - 0. Calculate q(a).
-5
Let i(m) = m**2 + 9*m - 2. Let d = 20 + -28. Give i(d).
-10
Let t(a) = 7*a**2 + 12*a + 12. Let z be (-40)/(-24) - 2/3. Let f(m) = m**2 + m + 1. Let o(u) = z*t(u) - 6*f(u). Let d be 1/(2/(-12)) - 0. Calculate o(d).
6
Let q(u) = u**2 - 8*u + 5. Suppose 0 = -5*i + 44 - 14. Determine q(i).
-7
Let y(h) = -h - 3. Let n be y(-5). Let w(o) = -o**3 + 5*o**n - 3*o + 0*o**3 + 4 - o. Give w(3).
10
Let x(b) = -b**2 + b + 3. Let k(s) = -2*s + 6. Let t be k(4). Let m be t/(2/1)*1. Let r be (m/(-3))/((-2)/(-18)). Calculate x(r).
-3
Let q(b) be the first derivative of b**5/120 - b**4/24 - b**3/3 + 1. Let t(x) be the third derivative of q(x). What is t(2)?
1
Let l(t) be the third derivative of -t**6/120 - t**5/60 + t**4/24 - t**3/2 - 7*t**2. Let z be (-2 - -3) + -2 + 1. What is l(z)?
-3
Let o(k) = k**3 - k + 3. Suppose -4*l - 5 = 5*i, 6*l + 20 = 2*l. Suppose -i*c + 0*c = 0. What is o(c)?
3
Let s be 4/14 + (-172)/14. Let z be ((-9)/(-6))/(9/s). Let u(g) = g + 2. Calculate u(z).
0
Let j be (2 - (-18)/(-10))*40/24. Let h(v) be the first derivative of -v + j*v**3 + 2 - 3/4*v**4 + 0*v**2. Determine h(1).
-3
Suppose s + 4*s = 85. Suppose 0 = -4*r - 3*m + s, 3*r - 5*m = -0*m - 9. Let p(o) = -2 + 4*o**2 + 2*o**r + 1. Calculate p(-1).
5
Let o be -5*(0 - (-4 + 5)). Let u(h) = -h**2 + 3*h + 5. Calculate u(o).
-5
Let l be (-4)/(-18) + (-2)/9. Suppose 5*a + 2 - 12 = l. Let k(q) = -2*q + 5*q + 3*q**2 - 2*q - 2*q**3 - 2. Give k(a).
-4
Let f(u) = -8*u + 0*u + 7 + 16*u - 10*u. What is f(5)?
-3
Let t be (-32)/(-10) - 2/10. Suppose 5*v + 18 = p - 1, -t*v - 3*p = -3. Let s(x) be the third derivative of x**5/60 + x**4/24 + x**3/6 - 2*x**2. Give s(v).
7
Suppose -14 = 2*f - 2*j, -f + 2*f - 5*j + 27 = 0. Let p(d) = -d - d**2 + 5*d + 3 + 0. Determine p(f).
-9
Let b be (3 + -1 + -3)/1. Let x(w) be the third derivative of 7*w**4/24 + w**3/6 + 2*w**2. Determine x(b).
-6
Let u = 95 + -101. Let v(n) = n**2 + 5*n + 8. Give v(u).
14
Let d(g) = -16*g**2 + 31*g - 6. Let m(t) = -3*t**2 + 6*t - 1. Let a(x) = -2*d(x) + 11*m(x). Let r be 6/(-4)*(0 - 2). What is a(r)?
4
Let v(y) = 8*y**2 + y + 0 - 7*y**2 + y**3 + 13. Determine v(0).
13
Let x(p) be the third derivative of 0 + 1/60*p**5 + 0*p - 3*p**2 + 1/6*p**3 + 1/24*p**4. Determine x(-4).
13
Suppose 4*m + 5 = -4*x + 21, 0 = 5*x. Suppose -3*k + 1 = 3*p - 2*k, -m*k = -4*p + 28. Let b(h) = 5 - 1 + p + h. Determine b(-5).
1
Let o(w) = -6*w + 3. Let u(a) = 7*a - 3. Let n(l) = 6*o(l) + 5*u(l). What is n(3)?
0
Let c(p) = p + 12. Let y(w) = -w. Let n be (3 + -5)*(3 - 2). Let b(o) = n*y(o) - c(o). Calculate b(7).
-5
Let a(c) = -8*c + 1. Let v be ((-85)/15 - -5)*3/2. Give a(v).
9
Suppose 3*v + 5 + 10 = 0. Let h(d) = -2*d + 4. Give h(v).
14
Let a(o) be the first derivative of o**4/4 - 5*o**3/3 - o**2/2 + 4*o - 7. Give a(5).
-1
Let l(s) = 3*s - 2*s**3 - 4*s**2 + 7*s**2 + 4*s**3. Give l(-2).
-10
Let q(n) = -4*n**2 - n - 1. Let v be q(-1). Let k(u) be the third derivative of u**2 - 1/6*u**3 + 0 + 0*u - 1/60*u**5 - 1/8*u**4. Calculate k(v).
-5
Let v(z) = z**3 - 5*z**2 + 5*z + 4. Let j = 15 + -11. Give v(j).
8
Let h(o) = 3*o + 7. Let v(g) = 7*g + 12. Let w(c) = -5*h(c) + 3*v(c). Calculate w(1).
7
Let l(f) = -f - 3. Let n be l(0). Let i(d) = 3*d + 4. Give i(n).
-5
Let m(s) = -s. Let f(g) = g**2 + g - 1. Suppose -2*l + 4 = 4*x, 4*l + 6*x = 2*x + 8. Let d be f(l). Suppose 1 = d*q - 4. Determine m(q).
-1
Suppose 0 = 3*y - 4*y - 22. Let d = y + 25. Let i(m) = -3*m - 2. Calculate i(d).
-11
Suppose -2 = -15*i + 17*i. Let f(d) = -2*d + 3*d - 7*d**3 - 2*d**3. Give f(i).
8
Let t(d) = 2*d**2 - 3*d - 3. Let a be ((-2)/(-4))/((-1)/(-8)). Determine t(a).
17
Let w(r) = -3*r**2 - 3*r - 6. Let i(b) = b**2 - b. Let x(k) = -2*i(k) - w(k). Calculate x(-5).
6
Let v(c) = 10*c + 3. Suppose 0 = -h - 0*h + 5*g + 13, 4*h = -3*g + 6. Let l(d) = -11*d - 4. Let w(z) = h*l(z) + 4*v(z). Determine w(1).
7
Let o be 12/90 + 4/(-30). Let u(a) be the second derivative of o - 1/2*a**3 + a + 3/2*a**2 + 1/12*a**4. What is u(3)?
3
Suppose 5*n = 4 - 24. Let s(v) = -v**3 + 3*v**3 - v**3 + 79 - 80 - 4*v + 3*v**2. Let c(g) = -g**3 - 3*g**2 + 5*g + 2. Let i(w) = n*c(w) - 5*s(w). What is i(-3)?
-3
Let b(h) = h - 9. Let c(x) = x**3 + 8*x**2 - 9*x + 11. Let n be c(-9). Let z be b(n). Let s(l) = l**3 + 4*l**2 - 2 - 2 - z*l**3 + 2*l**3. Determine s(-4).
-4
Let f(i) = 5*i - 3 + 5 + 2 - 3. Let a be 1 + (1*-3 - -2). Let r = a + 1. What is f(r)?
6
Let c(j) = j**2 - 9*j. Let q be -4*12/(-9)*(-9)/(-6). What is c(q)?
-8
Let b(l) be the first derivative of l**2/2 + 11*l - 7. Calculate b(-5).
6
Let i(f) = 2*f - 7. Let j(m) = -m**3 + 13*m**2 - 13*m + 17. Let h be j(12). What is i(h)?
3
Suppose -2*x + 6 = -0*x. Let b(c) = -x*c + 2*c - 1 - c + c. Determine b(-3).
2
Let r(x) = -x**3 + 11*x**2 + 13*x - 16. Let l be r(12). Let s(w)